+ 1. Give h(1).
22
Let l(q) = q**3 - 7*q**2 - 29*q - 16. What is l(10)?
-6
Let f(t) = 2*t**2 - 21*t - 7. Calculate f(11).
4
Let q(a) = -6*a + 35. Determine q(5).
5
Let w(o) = -o - 14. Calculate w(-10).
-4
Let z(a) = a**3 + a**2 - 4. Give z(-3).
-22
Let p(l) = 7*l**2 + 26*l - 7. What is p(-4)?
1
Let t(m) = -m**3 - 7*m**2 - 2*m - 2. Determine t(-7).
12
Let u(r) = 2*r + 13. What is u(0)?
13
Let h(t) = -t**3 - 18*t**2 + t + 25. Give h(-18).
7
Let b(v) = 2*v**2 - 27*v - 6. Calculate b(8).
-94
Let b(h) = -h - 23. What is b(-22)?
-1
Let h(x) = -x**2 + 47*x - 230. Calculate h(6).
16
Let h(y) = -y**3 + 14*y**2 - 6*y + 12. Give h(14).
-72
Let y(v) = -v + 2. Determine y(-2).
4
Let v(z) = -3*z - 17. What is v(-12)?
19
Let r(l) = l**2 - 24*l - 4. Give r(24).
-4
Let a(h) = 2*h + 14. What is a(-6)?
2
Let a(h) = -h**3 + 22*h**2 - 58*h - 10. Calculate a(19).
-29
Let o(s) = -13*s + 9. Determine o(2).
-17
Let g(r) = 2*r**2 + 26*r - 25. What is g(1)?
3
Let d(i) = -4*i - 22. Calculate d(-7).
6
Let u(c) = 2*c**3 - 4*c**2 - 3*c - 2. What is u(3)?
7
Let w(f) = -f**2 + 11*f + 15. Determine w(12).
3
Let c(h) = 8*h + 72. Give c(-10).
-8
Let g(u) = -u**3 + 10*u**2 - 23*u + 53. Determine g(8).
-3
Let a(j) = -57*j + 108. Determine a(2).
-6
Let f(v) = v**3 + 9*v**2 + v - 7. Calculate f(-7).
84
Let c(d) = -d**2 - 4*d - 2. Give c(0).
-2
Let w(d) = d**2 - 6*d - 19. Calculate w(7).
-12
Let b(i) = 10*i + 99. Calculate b(-10).
-1
Let h(c) = -c**2 + 14*c + 116. What is h(20)?
-4
Let h(l) = l**2 + 23*l + 81. Determine h(-17).
-21
Let r(b) = -b**3 + 32*b**2 - 27*b - 117. What is r(31)?
7
Let l(h) = h**3 + 5*h - 5. What is l(2)?
13
Let p(v) = v**2 + 8*v + 17. Determine p(0).
17
Let j(o) = -o**2 + 23*o + 56. Calculate j(25).
6
Let f(c) = -3*c**3 - c**2 + 6*c - 3. Determine f(2).
-19
Let k(n) = 13*n**2 + 107*n + 13. Determine k(-8).
-11
Let d(q) = -q**3 - 7*q**2 - 6*q - 7. What is d(-6)?
-7
Let c(t) = 15*t - 660. Determine c(44).
0
Let n(a) = -a**2 - 15*a - 48. Give n(-10).
2
Let g(q) = -2*q**2 - 19*q - 3. What is g(-9)?
6
Let k(n) = -n**2 + 40*n + 210. Give k(45).
-15
Let t(c) = -c**3 + 7*c**2 - 2. Give t(7).
-2
Let a(g) = -g**3 + 3*g**2 + g + 8. What is a(4)?
-4
Let l(j) = j**2 + 9*j + 22. Give l(-7).
8
Let k(l) = 20*l - 67. What is k(3)?
-7
Let q(o) = -o**3 + 17*o**2 - 17*o + 14. Determine q(16).
-2
Let c(d) = d**3 - 8*d**2 + 9*d - 14. Give c(7).
0
Let y(r) = -2*r**2 + 15*r - 4. Give y(7).
3
Let y(j) = j**3 - 6*j**2 - 8*j - 17. Give y(7).
-24
Let f(h) = -h**3 + 8*h**2 + 2*h - 22. What is f(8)?
-6
Let t(h) = h + 3. Give t(8).
11
Let b(v) = 5*v - 12. Calculate b(-8).
-52
Let s(u) = -u**2 + 8*u - 8. What is s(6)?
4
Let p(j) = -15*j - 47. Give p(-3).
-2
Let b(s) = -s**2 + 22*s + 28. What is b(24)?
-20
Let i(c) = -c**3 + 5*c**2 + 9*c - 14. Calculate i(6).
4
Let q(o) = o**3 - 17*o**2 + 29*o + 8. What is q(15)?
-7
Let x(i) = 4*i - 153. Give x(35).
-13
Let t(j) = j**3 - 2*j + 1. Calculate t(3).
22
Let r(t) = 8*t - 24. Give r(3).
0
Let r(w) = 2*w**3 + 7*w**2 - 3*w + 9. Give r(-4).
5
Let g(u) = -u**3 + 4*u**2 - 3*u - 3. What is g(3)?
-3
Let q(o) = -o + 3. Determine q(4).
-1
Let s(t) = -t**3 - 16*t**2 + 299*t + 61. What is s(-27)?
7
Let o(h) = 2*h + 18. Give o(-12).
-6
Let f(m) = m**2 + 11*m - 2. Determine f(-10).
-12
Let q(c) = -2*c**3 - 8*c**2 + 13*c + 14. Give q(-4).
-38
Let h(b) = -b**2 + 10*b - 6. Give h(8).
10
Let w(f) = -11*f + 43. What is w(7)?
-34
Let y(h) = -6*h - 8. What is y(5)?
-38
Let f(o) = -o**3 + 5*o**2 - 3*o - 22. What is f(6)?
-76
Let q(g) = -g**3 + 5*g**2 + 5*g + 12. Give q(6).
6
Let c(s) = s**3 - 4*s**2 - 1. What is c(3)?
-10
Let t(g) = -g**3 + 9*g**2 - g + 9. Give t(9).
0
Let j(g) = 2*g**2 - 2*g - 4. What is j(6)?
56
Let f(k) = -k**2 - 7*k - 4. Give f(-7).
-4
Let u(w) = 6*w + 3. What is u(2)?
15
Let q(h) = 2*h**3 - 3*h**2 + 3*h + 4. What is q(3)?
40
Let a(z) = z**3 - 27*z**2 - 3*z + 82. Determine a(27).
1
Let i(t) = -t - 3. Give i(10).
-13
Let h(l) = 9*l - 8. Calculate h(4).
28
Let n(k) = 23*k + 85. Calculate n(-5).
-30
Let x(d) = -d**3 + d**2 + 5*d - 1. Calculate x(4).
-29
Let o(z) = -z**3 + 18*z**2 - 2*z + 40. What is o(18)?
4
Let n(i) = -2*i**2 + 3*i + 10. Calculate n(-2).
-4
Let t(y) = y**2 + 6*y + 24. Determine t(-6).
24
Let w(g) = -13*g - 238. Determine w(-17).
-17
Let p(x) = 7*x - 68. What is p(11)?
9
Let b(f) = -f**2 + 7*f - 12. Calculate b(8).
-20
Let h(w) = 2*w**3 - w**2 + 4*w - 3. What is h(3)?
54
Let s(b) = 2*b**2 - b + 27. What is s(0)?
27
Let x(c) = -3*c**2 + 11*c - 4. What is x(6)?
-46
Let l(d) = -d**3 + 14*d**2 - 2*d - 10. Calculate l(14).
-38
Let h(j) = j**2 - 13*j - 26. Give h(13).
-26
Let g(j) = j**3 + j**2 - 11*j + 9. Give g(3).
12
Let o(z) = -8*z + 18. Calculate o(6).
-30
Let c(g) = g**2 - 16*g - 21. Give c(17).
-4
Let t(k) = 28*k**2 + 2*k + 2. Determine t(-1).
28
Let s(n) = 66*n**2 - 6*n - 6. Calculate s(-1).
66
Let z(u) = -u - 10. What is z(6)?
-16
Let t(z) = -8*z - 11. Calculate t(4).
-43
Let f(w) = w**3 - 6*w**2 - 11*w + 11. What is f(7)?
-17
Let d(o) = o**3 + 3*o**2 + 4. Give d(-5).
-46
Let w(n) = 3*n + 6. Determine w(7).
27
Let z(v) = v**2 + 7*v - 18. Calculate z(-8).
-10
Let i(j) = 18*j + 3. Calculate i(3).
57
Let o(q) = q**2 - 12*q - 5. What is o(12)?
-5
Let f(s) = 4*s + 27. Give f(15).
87
Let h(r) = 2*r**3 + 32*r**2 - 39*r - 91. Calculate h(-17).
-6
Let r(b) = 2*b**3 - 17*b**2 - 69*b + 2. What is r(-3)?
2
Let i(p) = 2*p - 8. Give i(-3).
-14
Let k(h) = 2*h**2 - 11*h - 6. What is k(6)?
0
Let u(h) = -4*h**3 + 47*h - 47. Calculate u(1).
-4
Let f(w) = 4*w**2 + 19*w. Determine f(-5).
5
Let b(l) = 6*l - 1. Calculate b(4).
23
Let f(u) = -18*u + 2. Give f(5).
-88
Let i(y) = 10*y + 338. Calculate i(-34).
-2
Let f(z) = z**3 - 18*z**2 + 18*z + 22. What is f(17)?
39
Let s(l) = 23*l**2 + 2*l + 1. Determine s(-1).
22
Let n(a) = -a**3 - a**2 + 17*a + 18. Calculate n(-4).
-2
Let i(z) = -2*z - 4. Give i(6).
-16
Let i(k) = k**2 - 3*k. Calculate i(4).
4
Let h(z) = -z + 11. Determine h(-6).
17
Let a(w) = w**2 + 13*w + 14. Calculate a(-10).
-16
Let g(s) = s + 47. Determine g(-16).
31
Let j(k) = -k**2 + 17*k + 11. What is j(18)?
-7
Let h(o) = -o - 9. Determine h(-7).
-2
Let r(j) = -7*j + 46. What is r(7)?
-3
Let q(b) = b**2 + 3*b - 8. Give q(-5).
2
Let p(k) = k**2 + 2. Give p(0).
2
Let p(f) = -f**3 - 34*f**2 - 210*f - 26. Give p(-26).
26
Let v(d) = 16*d**3. Give v(1).
16
Let x(a) = 7*a + 80. Give x(-11).
3
Let j(x) = x**2 + 7*x + 18. Determine j(-4).
6
Let p(w) = w**3 + 24*w**2 - 25. Determine p(-24).
-25
Let l(h) = 22*h + 5. What is l(-6)?
-127
Let l(h) = -3*h**2 + 6*h + 4. Determine l(6).
-68
Let a(h) = -4*h**2 - 16*h + 5. Calculate a(-4).
5
Let v(y) = 5*y - 105. Give v(21).
0
Let z(i) = -i**2 + 13*i + 3. Calculate z(12).
15
Let m(i) = -84*i - 3. Calculate m(-1).
81
Let y(c) = -3*c**3 + c**2 - 3*c + 1. Determine y(2).
-25
Let m(s) = 18*s**2 + s - 1. Determine m(1).
18
Let w(v) = v**2 - 7*v. Determine w(7).
0
Let z(x) = x**2 - x + 2. Calculate z(-2).
8
Let r(n) = -8*n - 21. Calculate r(-9).
51
Let x(m) = -m**3 + 4*m**2 + 7*m - 1. Give x(5).
9
Let r(k) = -k**2 - 15*k - 40. Give r(-13).
-14
Let a(w) = -2*w**2 + 21*w - 60. Determine a(4).
-8
Let u(t) = -t**3 - 9*t**2 - 23*t - 6. What is u(-5)?
9
Let z(l) = -4*l - 8. What is z(-8)?
24
Let o(m) = 2*m**2 - 7*m + 10. What is o(3)?
7
Let n(a) = 66*a - 3. What is n(-1)?
-69
Let z(v) = -v**2 + 9*v - 9. Give z(8).
-1
Let g(z) = z**3 - 2*z**2 - 6*z + 4. Determine g(2).
-8
Let s(r) = -3*r**2 - 4*r + 5. What is s(-4)?
-27
Let j(a) = 22*a + 174. Calculate j(-8).
-2
Let b(f) = 5*f - 139. Give b(28).
1
Let l(y) = 2*y**2 - 10*y + 27. Give l(0).
27
Let t(g) = -g**2 + 2*g - 2. What is t(1)?
-1
Let w(i) = -12*i**2 - 5*i + 3. What is w(2)?
-55
Let l(f) = -f**2 - 11*f + 34. Determine l(6).
-68
Let u(x) = x**3 - 9*x**2 + 17*x. Give u(6).
-6
Let b(c) = -c**2 - 4*c + 4. Determine b(-4).
4
Let r(d) = -d**2 - 15*d + 11. What is r(-15)?
11
Let t(b) = b**2 + 7*b + 12. Calculate t(-5).
2
Let f(m) = 3*m + 90. Determine f(-6).
72
Let k(d) = -d**2 - 4*d - 4. Calculate k(4).
-36
Let g(k) = k**2 - 23*k - 135. Determine g(28).
5
Let h(m) = -16*m - 27. Determine h(-12).
165
Let w(a) = a**3 + 8*a**2 + 7*a + 3. Give w(-7).
3
Let v(m) = m**2 + 10*m - 25. Calculate v(-10).
-25
Let x(z) = -2*z**2 - 2*z + 5. Calculate x(5).
-55
Let i(o) = 3*o + 47. Giv